- 35*x + 144. Calculate o(9).
-9
Let n(z) = -617*z + 1839. Determine n(3).
-12
Let b(s) = 2*s**2 + 52*s - 8. What is b(-26)?
-8
Let i(k) = -k**3 + 53*k**2 + 56*k - 13. Determine i(54).
95
Let k(h) = 166*h - 9302. Calculate k(56).
-6
Let k(o) = -137*o - 1766. What is k(-13)?
15
Let r(d) = -d**3 - 11*d**2 + 2*d + 27. Determine r(-11).
5
Let f(a) = -2*a**3 - 15*a**2 + 268*a + 2069. Give f(-8).
-11
Let r(q) = -q**2 + 438*q - 42925. Give r(290).
-5
Let z(u) = -3*u**2 - 21*u + 3343. Give z(30).
13
Let v(d) = -5*d**3 - 20*d**2 - 14*d - 18. What is v(-5)?
177
Let x(b) = 2*b**2 - 299*b - 3540. Determine x(-11).
-9
Let s(x) = -8*x + 130. Determine s(12).
34
Let p(j) = -1620*j + 21062. What is p(13)?
2
Let a(z) = 2*z**2 + 72*z + 197. What is a(-33)?
-1
Let a(o) = 2*o**2 + 36*o - 115. Give a(3).
11
Let p(b) = 152*b**2 - 194*b + 46. Calculate p(1).
4
Let p(f) = -2306*f + 13831. Calculate p(6).
-5
Let o(f) = -7*f**2 - 54*f - 31. Give o(-7).
4
Let r(k) = 3*k**2 + 34*k - 7. What is r(-12)?
17
Let s(c) = -c**3 + 13*c**2 + 6*c - 24. Determine s(8).
344
Let r(d) = 12*d**2 + 165*d - 428. Determine r(-16).
4
Let s(z) = 35*z - 1711. Determine s(49).
4
Let j(n) = -2*n**3 - 85*n**2 - 132*n - 416. Calculate j(-41).
-47
Let g(o) = -4*o**3 + 148*o**2 + 17953*o - 85. Determine g(88).
3
Let q(j) = -j**3 + 11*j**2 + 166*j + 22. What is q(-8)?
-90
Let v(n) = -179*n + 31496. Calculate v(176).
-8
Let b(o) = -65*o - 1179. What is b(-16)?
-139
Let v(q) = -30*q + 199. Give v(4).
79
Let w(d) = 3*d**2 - 2409*d - 12057. Calculate w(-5).
63
Let c(d) = 3*d + 75. Calculate c(-43).
-54
Let t(h) = -2*h**3 + 3*h**2 + 12*h - 25. Determine t(2).
-5
Let m(s) = -4*s**2 + 21*s + 304. Determine m(-7).
-39
Let t(j) = 5*j**2 - 24*j - 8. Give t(10).
252
Let p(m) = 66*m**2 + 7*m + 8. Calculate p(-1).
67
Let d(p) = p**2 + 2*p - 20. Determine d(3).
-5
Let h(f) = 3*f**2 + 141049*f + 141049. Determine h(-1).
3
Let y(v) = -297*v - 4136. Calculate y(-14).
22
Let t(c) = 2*c**2 - 114*c + 377. Give t(52).
-143
Let y(c) = -7*c**2 - 8*c + 15. Calculate y(2).
-29
Let s(w) = w**3 + 4*w**2 - 76*w + 207. Give s(3).
42
Let t(j) = j**2 - 21*j + 92. Determine t(9).
-16
Let b(x) = 3631*x + 10900. What is b(-3)?
7
Let y(u) = -14*u + 108. Determine y(7).
10
Let f(u) = 3*u**3 + u**2 + 2*u - 20. Give f(0).
-20
Let u(r) = r**3 - 24*r**2 - 144*r - 9. Determine u(-5).
-14
Let r(m) = m**3 + 22*m**2 - 56*m - 202. What is r(-24)?
-10
Let r(l) = 44*l + 1090. Give r(-32).
-318
Let d(h) = -h**2 + 16*h - 68. What is d(9)?
-5
Let p(a) = a**3 - 5*a**2 - 33*a + 89. Determine p(-5).
4
Let c(o) = o**2 + 89*o - 7956. Give c(-144).
-36
Let f(u) = -9*u**2 - 4. Determine f(2).
-40
Let h(a) = a**3 + a**2 - 19*a + 8. What is h(4)?
12
Let q(b) = -b**3 - 71*b**2 - 202*b + 208. Calculate q(-68).
72
Let c(y) = -y**3 - 76*y**2 - 117*y - 3173. Give c(-75).
-23
Let c(x) = -6*x**3 - 4*x**2 + 3. Determine c(1).
-7
Let t(v) = -v**2 - 17*v - 80. Give t(-8).
-8
Let v(l) = -5*l**2 + 440*l - 793. Determine v(86).
67
Let i(m) = m**2 + 251*m - 3715. Calculate i(14).
-5
Let m(s) = -8*s**3 - s**2 - 3*s + 13. Calculate m(-3).
229
Let a(l) = -436*l + 1321. What is a(3)?
13
Let q(s) = -s**3 + 40*s - 32. What is q(-6)?
-56
Let x(z) = z**3 + 53*z**2 - 3318*z - 175860. Determine x(-53).
-6
Let f(c) = c**3 + 7*c**2 + 2*c + 35. Determine f(-7).
21
Let y(m) = -692*m - 11. What is y(0)?
-11
Let l(u) = u**3 + 5*u**2 - 45*u + 52. Calculate l(-10).
2
Let t(m) = 2*m**2 + 78*m + 31. Determine t(-34).
-309
Let m(t) = t**2 + 7*t - 110. Calculate m(-14).
-12
Let x(k) = -k**3 - 4*k**2 - 10*k - 35. What is x(-4)?
5
Let k(g) = 20*g - 329. What is k(15)?
-29
Let k(p) = -2*p**2 - 170*p - 1813. Determine k(-71).
175
Let o(x) = 17*x - 2751. What is o(162)?
3
Let i(t) = 2*t**2 - 5. What is i(7)?
93
Let a(c) = -60*c - 1570. Give a(-26).
-10
Let s(u) = 81*u + 7655. Determine s(-96).
-121
Let v(c) = -c**3 + 100*c**2 + 342*c + 7691. Calculate v(104).
-5
Let k(w) = -4*w**2 - 37*w + 233. Calculate k(6).
-133
Let u(h) = 2*h - 30. Give u(-16).
-62
Let w(f) = 8*f + 91. Determine w(-5).
51
Let b(h) = -24*h + 298. Calculate b(12).
10
Let b(q) = -2*q**2 + 9*q + 53. Calculate b(-5).
-42
Let w(y) = y**2 - 504*y + 18949. Determine w(41).
-34
Let k(f) = -151*f - 2833. Give k(-22).
489
Let f(q) = 4*q**2 - 1740*q - 1740. Calculate f(-1).
4
Let z(u) = -u**2 - 79*u + 1172. Give z(-91).
80
Let a(l) = l**3 - 25*l**2 + 91*l - 6. What is a(20)?
-186
Let m(k) = -k**2 + 107*k - 1144. Determine m(95).
-4
Let g(k) = -96*k - 3402. Give g(-36).
54
Let f(r) = -30*r + 420. Determine f(19).
-150
Let r(u) = -23*u - 413. Determine r(-10).
-183
Let l(w) = -w**2 + 33*w + 51. Give l(29).
167
Let z(s) = -515*s - 1154. Calculate z(0).
-1154
Let k(s) = -6*s**2 - 6*s + 20. What is k(3)?
-52
Let i(g) = 43*g + 320. Calculate i(-9).
-67
Let d(c) = 19*c - 472. What is d(30)?
98
Let g(v) = 104*v + 278. Determine g(-3).
-34
Let p(w) = 7*w**2 + 123*w + 166. What is p(-16)?
-10
Let v(x) = -2392*x + 9588. Give v(4).
20
Let b(d) = -38*d - 2388. What is b(-68)?
196
Let l(u) = -3*u**2 - 5*u - 26. What is l(7)?
-208
Let r(m) = -21*m**3 + 4*m**2 - 17*m + 13. What is r(1)?
-21
Let w(q) = -116*q**3 + q**2 + 3*q - 4. Give w(1).
-116
Let w(z) = 2*z**2 + 198*z + 671. Determine w(-97).
283
Let k(g) = -g**2 + 159*g - 807. Calculate k(5).
-37
Let q(r) = 51*r**2 - 10*r + 22. Give q(2).
206
Let s(l) = -52*l**3 + 3*l**2 + 5*l + 3. What is s(-1)?
53
Let z(v) = -2*v**3 + 122*v**2 - 122*v + 119. Calculate z(60).
-1
Let z(x) = -3*x**2 + x + 279. Calculate z(10).
-11
Let n(t) = -33*t - 348. Calculate n(-9).
-51
Let l(t) = -99*t - 87. What is l(-1)?
12
Let z(y) = y**2 + 48*y + 178. Calculate z(-11).
-229
Let j(y) = 86*y + 270. What is j(-3)?
12
Let w(t) = 1369*t - 14. Determine w(0).
-14
Let m(o) = 53*o + 278. Give m(-4).
66
Let m(y) = -347*y**3 + 3*y**2 - 2. Determine m(-1).
348
Let p(s) = -2*s**3 - 9*s**2 + 7*s + 20. Give p(-5).
10
Let r(k) = k**3 + 153*k**2 - 1457*k + 161. Determine r(-162).
-1
Let s(v) = v**3 - 34*v**2 + 312*v - 29. Calculate s(12).
547
Let l(o) = -o**3 + 5*o**2 + 13*o - 55. Determine l(4).
13
Let p(h) = -94*h - 190. Calculate p(1).
-284
Let v(f) = -3458*f - 17283. Determine v(-5).
7
Let x(c) = -21*c + 9. Give x(-3).
72
Let c(u) = 4*u - 66. What is c(27)?
42
Let k(r) = r**2 - 5*r - 237. What is k(18)?
-3
Let b(v) = -2*v**2 - 507*v + 3105. Give b(6).
-9
Let k(h) = 5*h**3 - 41*h**2 - 20*h + 234. What is k(8)?
10
Let z(r) = -2*r**3 + 4*r**2 - 19*r + 48. What is z(3)?
-27
Let f(k) = -505*k - 2516. What is f(-5)?
9
Let u(f) = -25*f - 49. Give u(-4).
51
Let d(h) = -h**3 + 12*h**2 - 17*h + 1. Calculate d(10).
31
Let s(u) = -11*u**2 - 136*u - 400. Give s(-3).
-91
Let u(s) = -s**3 + 11*s**2 - 21*s - 26. Give u(6).
28
Let s(n) = 2*n**2 - 260*n + 8358. Calculate s(58).
6
Let j(a) = 316*a - 938. Determine j(4).
326
Let j(b) = -68*b + 3264. What is j(48)?
0
Let n(b) = -4*b**3 + 19*b**2 - 15*b + 99. Give n(5).
-1
Let u(f) = f**3 + 89*f**2 - f - 212. Calculate u(-89).
-123
Let w(z) = 5*z**3 - 114*z**2 - 21*z - 43. Give w(23).
3
Let x(v) = -v**3 + v**2 - 13*v + 5. Determine x(0).
5
Let q(p) = -p**3 - 22*p**2 - 131*p - 259. What is q(-14)?
7
Let h(z) = z**3 + 6*z**2 + 17*z + 44. Give h(-5).
-16
Let y(f) = 3*f**2 + 108*f - 3. Give y(-36).
-3
Let i(z) = -z**3 + 13*z**2 - 15*z + 40. Calculate i(12).
4
Let v(x) = -x**3 - 16*x**2 - 43*x + 26. Give v(-14).
236
Let a(h) = 17*h - 7. Determine a(1).
10
Let t(s) = -4400*s + 4415. Give t(1).
15
Let t(a) = 36*a + 259. Determine t(-7).
7
Let q(i) = -i**3 + 9*i**2 + 22*i - 86. Calculate q(11).
-86
Let f(k) = -k**2 - 296*k - 2321. Give f(-8).
-17
Let s(w) = -w**2 + 36*w - 237. Determine s(15).
78
Let t(s) = 8*s + 30. What is t(17)?
166
Let k(d) = d**3 - 56*d**2 + 163*d - 202. What is k(53)?
10
Let l(j) = -8*j - 608. Give l(-69).
-56
Let f(a) = -311*a + 102. Give f(2).
-520
Let t(w) = w**2 + 1385*w - 51163. Calculate t(36).
-7
Let m(r) = 3*r**2 - 22*r - 117. Give m(11).
4
Let a(j) = -8*j**2 - 216*j + 200. Give a(-28).
-24
Let i(c) = c**3 - 5*c**2 - 7*c - 51. Give i(0).
-51
Let w(y) = -109*y + 7420. Determine w(68).
8
Let l(a) = 150*a**3 - a**2 - 11*a + 11. Determine l(1).
149
Let f(r) = -99*r - 507. Calculate f(-4).
-111
Let p(u) = -u**3 - 9*u**2 - 7*u - 31. Give p(-9).
32
Let g(s) = -9*s**2 + 51*s - 28. Give g(